{"id":650,"date":"2025-03-19T23:47:08","date_gmt":"2025-03-19T22:47:08","guid":{"rendered":"https:\/\/cunadelalegion.es\/?page_id=650"},"modified":"2025-03-21T05:09:12","modified_gmt":"2025-03-21T04:09:12","slug":"donacion-2e-por-participante","status":"publish","type":"page","link":"https:\/\/cunadelalegion.es\/?page_id=650","title":{"rendered":"Donaci\u00f3n 2\u20ac por participante."},"content":{"rendered":"\n<p>La Donaci\u00f3n de esta IX edici\u00f3n es para C\u00e1ritas Castrense de Valencia, a la cual se le dona un total de 12.000\u20ac para paliar los efectos de la DANA. <\/p>\n\n\n\n<figure class=\"wp-block-image alignwide size-large\"><img loading=\"lazy\" decoding=\"async\" width=\"1024\" height=\"682\" src=\"https:\/\/cunadelalegion.es\/wp-content\/uploads\/2025\/03\/Imagen-de-WhatsApp-2025-03-19-a-las-09.00.37_5202d891-1024x682.jpg\" alt=\"\" class=\"wp-image-651\" srcset=\"https:\/\/cunadelalegion.es\/wp-content\/uploads\/2025\/03\/Imagen-de-WhatsApp-2025-03-19-a-las-09.00.37_5202d891-1024x682.jpg 1024w, https:\/\/cunadelalegion.es\/wp-content\/uploads\/2025\/03\/Imagen-de-WhatsApp-2025-03-19-a-las-09.00.37_5202d891-300x200.jpg 300w, https:\/\/cunadelalegion.es\/wp-content\/uploads\/2025\/03\/Imagen-de-WhatsApp-2025-03-19-a-las-09.00.37_5202d891-768x512.jpg 768w, https:\/\/cunadelalegion.es\/wp-content\/uploads\/2025\/03\/Imagen-de-WhatsApp-2025-03-19-a-las-09.00.37_5202d891-1536x1023.jpg 1536w, https:\/\/cunadelalegion.es\/wp-content\/uploads\/2025\/03\/Imagen-de-WhatsApp-2025-03-19-a-las-09.00.37_5202d891.jpg 1600w\" sizes=\"auto, (max-width: 1024px) 100vw, 1024px\" \/><\/figure>\n\n\n\n<figure class=\"wp-block-image alignwide size-large\"><img loading=\"lazy\" decoding=\"async\" width=\"1024\" height=\"682\" src=\"https:\/\/cunadelalegion.es\/wp-content\/uploads\/2025\/03\/Imagen-de-WhatsApp-2025-03-19-a-las-09.00.38_e4ceb960-1-1024x682.jpg\" alt=\"\" class=\"wp-image-653\" srcset=\"https:\/\/cunadelalegion.es\/wp-content\/uploads\/2025\/03\/Imagen-de-WhatsApp-2025-03-19-a-las-09.00.38_e4ceb960-1-1024x682.jpg 1024w, https:\/\/cunadelalegion.es\/wp-content\/uploads\/2025\/03\/Imagen-de-WhatsApp-2025-03-19-a-las-09.00.38_e4ceb960-1-300x200.jpg 300w, https:\/\/cunadelalegion.es\/wp-content\/uploads\/2025\/03\/Imagen-de-WhatsApp-2025-03-19-a-las-09.00.38_e4ceb960-1-768x512.jpg 768w, https:\/\/cunadelalegion.es\/wp-content\/uploads\/2025\/03\/Imagen-de-WhatsApp-2025-03-19-a-las-09.00.38_e4ceb960-1-1536x1023.jpg 1536w, https:\/\/cunadelalegion.es\/wp-content\/uploads\/2025\/03\/Imagen-de-WhatsApp-2025-03-19-a-las-09.00.38_e4ceb960-1.jpg 1600w\" sizes=\"auto, (max-width: 1024px) 100vw, 1024px\" \/><\/figure>\n","protected":false},"excerpt":{"rendered":"<p>La Donaci\u00f3n de esta IX edici\u00f3n es para C\u00e1ritas Castrense de Valencia, a la cual se le dona un total de 12.000\u20ac para paliar los efectos de la DANA.<\/p>\n","protected":false},"author":1,"featured_media":0,"parent":0,"menu_order":0,"comment_status":"closed","ping_status":"closed","template":"","meta":{"footnotes":""},"class_list":["post-650","page","type-page","status-publish","hentry"],"yoast_head":"<!-- This site is optimized with the Yoast SEO plugin v27.0 - https:\/\/yoast.com\/product\/yoast-seo-wordpress\/ -->\n<title>Donaci\u00f3n 2\u20ac por participante. - Cuna de La Legi\u00f3n<\/title>\n<meta name=\"robots\" content=\"index, follow, max-snippet:-1, max-image-preview:large, max-video-preview:-1\" \/>\n<link rel=\"canonical\" href=\"https:\/\/cunadelalegion.es\/?page_id=650\" \/>\n<meta property=\"og:locale\" content=\"es_ES\" \/>\n<meta property=\"og:type\" content=\"article\" \/>\n<meta property=\"og:title\" content=\"Donaci\u00f3n 2\u20ac por participante. - Cuna de La Legi\u00f3n\" \/>\n<meta property=\"og:description\" content=\"La Donaci\u00f3n de esta IX edici\u00f3n es para C\u00e1ritas Castrense de Valencia, a la cual se le dona un total de 12.000\u20ac para paliar los efectos de la DANA.\" \/>\n<meta property=\"og:url\" content=\"https:\/\/cunadelalegion.es\/?page_id=650\" \/>\n<meta property=\"og:site_name\" content=\"Cuna de La Legi\u00f3n\" \/>\n<meta property=\"article:publisher\" content=\"https:\/\/www.facebook.com\/profile.php?id=61567994836494\" \/>\n<meta property=\"article:modified_time\" content=\"2025-03-21T04:09:12+00:00\" \/>\n<meta property=\"og:image\" content=\"https:\/\/cunadelalegion.es\/wp-content\/uploads\/2025\/03\/Imagen-de-WhatsApp-2025-03-19-a-las-09.00.37_5202d891.jpg\" \/>\n\t<meta property=\"og:image:width\" content=\"1600\" \/>\n\t<meta property=\"og:image:height\" content=\"1066\" \/>\n\t<meta property=\"og:image:type\" content=\"image\/jpeg\" \/>\n<meta name=\"twitter:card\" content=\"summary_large_image\" \/>\n<script type=\"application\/ld+json\" class=\"yoast-schema-graph\">{\"@context\":\"https:\/\/schema.org\",\"@graph\":[{\"@type\":\"WebPage\",\"@id\":\"https:\/\/cunadelalegion.es\/?page_id=650\",\"url\":\"https:\/\/cunadelalegion.es\/?page_id=650\",\"name\":\"Donaci\u00f3n 2\u20ac por participante. - Cuna de La Legi\u00f3n\",\"isPartOf\":{\"@id\":\"https:\/\/cunadelalegion.es\/#website\"},\"primaryImageOfPage\":{\"@id\":\"https:\/\/cunadelalegion.es\/?page_id=650#primaryimage\"},\"image\":{\"@id\":\"https:\/\/cunadelalegion.es\/?page_id=650#primaryimage\"},\"thumbnailUrl\":\"https:\/\/cunadelalegion.es\/wp-content\/uploads\/2025\/03\/Imagen-de-WhatsApp-2025-03-19-a-las-09.00.37_5202d891-1024x682.jpg\",\"datePublished\":\"2025-03-19T22:47:08+00:00\",\"dateModified\":\"2025-03-21T04:09:12+00:00\",\"breadcrumb\":{\"@id\":\"https:\/\/cunadelalegion.es\/?page_id=650#breadcrumb\"},\"inLanguage\":\"es\",\"potentialAction\":[{\"@type\":\"ReadAction\",\"target\":[\"https:\/\/cunadelalegion.es\/?page_id=650\"]}]},{\"@type\":\"ImageObject\",\"inLanguage\":\"es\",\"@id\":\"https:\/\/cunadelalegion.es\/?page_id=650#primaryimage\",\"url\":\"https:\/\/cunadelalegion.es\/wp-content\/uploads\/2025\/03\/Imagen-de-WhatsApp-2025-03-19-a-las-09.00.37_5202d891.jpg\",\"contentUrl\":\"https:\/\/cunadelalegion.es\/wp-content\/uploads\/2025\/03\/Imagen-de-WhatsApp-2025-03-19-a-las-09.00.37_5202d891.jpg\",\"width\":1600,\"height\":1066},{\"@type\":\"BreadcrumbList\",\"@id\":\"https:\/\/cunadelalegion.es\/?page_id=650#breadcrumb\",\"itemListElement\":[{\"@type\":\"ListItem\",\"position\":1,\"name\":\"Home\",\"item\":\"https:\/\/cunadelalegion.es\/\"},{\"@type\":\"ListItem\",\"position\":2,\"name\":\"Donaci\u00f3n 2\u20ac por participante.\"}]},{\"@type\":\"WebSite\",\"@id\":\"https:\/\/cunadelalegion.es\/#website\",\"url\":\"https:\/\/cunadelalegion.es\/\",\"name\":\"Cuna de La Legi\u00f3n\",\"description\":\"Club Deportivo Tercio Duque de Alba\",\"publisher\":{\"@id\":\"https:\/\/cunadelalegion.es\/#organization\"},\"alternateName\":\"Carrera C\u00edvico Militar Cuna de La Legi\u00f3n\",\"potentialAction\":[{\"@type\":\"SearchAction\",\"target\":{\"@type\":\"EntryPoint\",\"urlTemplate\":\"https:\/\/cunadelalegion.es\/?s={search_term_string}\"},\"query-input\":{\"@type\":\"PropertyValueSpecification\",\"valueRequired\":true,\"valueName\":\"search_term_string\"}}],\"inLanguage\":\"es\"},{\"@type\":\"Organization\",\"@id\":\"https:\/\/cunadelalegion.es\/#organization\",\"name\":\"Cuna de La Legi\u00f3n\",\"alternateName\":\"Carrera C\u00edvio Militar Cuna de La Legi\u00f3n\",\"url\":\"https:\/\/cunadelalegion.es\/\",\"logo\":{\"@type\":\"ImageObject\",\"inLanguage\":\"es\",\"@id\":\"https:\/\/cunadelalegion.es\/#\/schema\/logo\/image\/\",\"url\":\"https:\/\/cunadelalegion.es\/wp-content\/uploads\/2026\/02\/Logo-Cuna-2025-Para-Gorra-COLOR.gif\",\"contentUrl\":\"https:\/\/cunadelalegion.es\/wp-content\/uploads\/2026\/02\/Logo-Cuna-2025-Para-Gorra-COLOR.gif\",\"width\":916,\"height\":1220,\"caption\":\"Cuna de La Legi\u00f3n\"},\"image\":{\"@id\":\"https:\/\/cunadelalegion.es\/#\/schema\/logo\/image\/\"},\"sameAs\":[\"https:\/\/www.facebook.com\/profile.php?id=61567994836494\",\"https:\/\/www.instagram.com\/lacunadelalegion\/?hl=es\"]}]}<\/script>\n<!-- \/ Yoast SEO plugin. -->","yoast_head_json":{"title":"Donaci\u00f3n 2\u20ac por participante. - Cuna de La Legi\u00f3n","robots":{"index":"index","follow":"follow","max-snippet":"max-snippet:-1","max-image-preview":"max-image-preview:large","max-video-preview":"max-video-preview:-1"},"canonical":"https:\/\/cunadelalegion.es\/?page_id=650","og_locale":"es_ES","og_type":"article","og_title":"Donaci\u00f3n 2\u20ac por participante. - Cuna de La Legi\u00f3n","og_description":"La Donaci\u00f3n de esta IX edici\u00f3n es para C\u00e1ritas Castrense de Valencia, a la cual se le dona un total de 12.000\u20ac para paliar los efectos de la DANA.","og_url":"https:\/\/cunadelalegion.es\/?page_id=650","og_site_name":"Cuna de La Legi\u00f3n","article_publisher":"https:\/\/www.facebook.com\/profile.php?id=61567994836494","article_modified_time":"2025-03-21T04:09:12+00:00","og_image":[{"width":1600,"height":1066,"url":"https:\/\/cunadelalegion.es\/wp-content\/uploads\/2025\/03\/Imagen-de-WhatsApp-2025-03-19-a-las-09.00.37_5202d891.jpg","type":"image\/jpeg"}],"twitter_card":"summary_large_image","schema":{"@context":"https:\/\/schema.org","@graph":[{"@type":"WebPage","@id":"https:\/\/cunadelalegion.es\/?page_id=650","url":"https:\/\/cunadelalegion.es\/?page_id=650","name":"Donaci\u00f3n 2\u20ac por participante. - Cuna de La Legi\u00f3n","isPartOf":{"@id":"https:\/\/cunadelalegion.es\/#website"},"primaryImageOfPage":{"@id":"https:\/\/cunadelalegion.es\/?page_id=650#primaryimage"},"image":{"@id":"https:\/\/cunadelalegion.es\/?page_id=650#primaryimage"},"thumbnailUrl":"https:\/\/cunadelalegion.es\/wp-content\/uploads\/2025\/03\/Imagen-de-WhatsApp-2025-03-19-a-las-09.00.37_5202d891-1024x682.jpg","datePublished":"2025-03-19T22:47:08+00:00","dateModified":"2025-03-21T04:09:12+00:00","breadcrumb":{"@id":"https:\/\/cunadelalegion.es\/?page_id=650#breadcrumb"},"inLanguage":"es","potentialAction":[{"@type":"ReadAction","target":["https:\/\/cunadelalegion.es\/?page_id=650"]}]},{"@type":"ImageObject","inLanguage":"es","@id":"https:\/\/cunadelalegion.es\/?page_id=650#primaryimage","url":"https:\/\/cunadelalegion.es\/wp-content\/uploads\/2025\/03\/Imagen-de-WhatsApp-2025-03-19-a-las-09.00.37_5202d891.jpg","contentUrl":"https:\/\/cunadelalegion.es\/wp-content\/uploads\/2025\/03\/Imagen-de-WhatsApp-2025-03-19-a-las-09.00.37_5202d891.jpg","width":1600,"height":1066},{"@type":"BreadcrumbList","@id":"https:\/\/cunadelalegion.es\/?page_id=650#breadcrumb","itemListElement":[{"@type":"ListItem","position":1,"name":"Home","item":"https:\/\/cunadelalegion.es\/"},{"@type":"ListItem","position":2,"name":"Donaci\u00f3n 2\u20ac por participante."}]},{"@type":"WebSite","@id":"https:\/\/cunadelalegion.es\/#website","url":"https:\/\/cunadelalegion.es\/","name":"Cuna de La Legi\u00f3n","description":"Club Deportivo Tercio Duque de Alba","publisher":{"@id":"https:\/\/cunadelalegion.es\/#organization"},"alternateName":"Carrera C\u00edvico Militar Cuna de La Legi\u00f3n","potentialAction":[{"@type":"SearchAction","target":{"@type":"EntryPoint","urlTemplate":"https:\/\/cunadelalegion.es\/?s={search_term_string}"},"query-input":{"@type":"PropertyValueSpecification","valueRequired":true,"valueName":"search_term_string"}}],"inLanguage":"es"},{"@type":"Organization","@id":"https:\/\/cunadelalegion.es\/#organization","name":"Cuna de La Legi\u00f3n","alternateName":"Carrera C\u00edvio Militar Cuna de La Legi\u00f3n","url":"https:\/\/cunadelalegion.es\/","logo":{"@type":"ImageObject","inLanguage":"es","@id":"https:\/\/cunadelalegion.es\/#\/schema\/logo\/image\/","url":"https:\/\/cunadelalegion.es\/wp-content\/uploads\/2026\/02\/Logo-Cuna-2025-Para-Gorra-COLOR.gif","contentUrl":"https:\/\/cunadelalegion.es\/wp-content\/uploads\/2026\/02\/Logo-Cuna-2025-Para-Gorra-COLOR.gif","width":916,"height":1220,"caption":"Cuna de La Legi\u00f3n"},"image":{"@id":"https:\/\/cunadelalegion.es\/#\/schema\/logo\/image\/"},"sameAs":["https:\/\/www.facebook.com\/profile.php?id=61567994836494","https:\/\/www.instagram.com\/lacunadelalegion\/?hl=es"]}]}},"_links":{"self":[{"href":"https:\/\/cunadelalegion.es\/index.php?rest_route=\/wp\/v2\/pages\/650","targetHints":{"allow":["GET"]}}],"collection":[{"href":"https:\/\/cunadelalegion.es\/index.php?rest_route=\/wp\/v2\/pages"}],"about":[{"href":"https:\/\/cunadelalegion.es\/index.php?rest_route=\/wp\/v2\/types\/page"}],"author":[{"embeddable":true,"href":"https:\/\/cunadelalegion.es\/index.php?rest_route=\/wp\/v2\/users\/1"}],"replies":[{"embeddable":true,"href":"https:\/\/cunadelalegion.es\/index.php?rest_route=%2Fwp%2Fv2%2Fcomments&post=650"}],"version-history":[{"count":3,"href":"https:\/\/cunadelalegion.es\/index.php?rest_route=\/wp\/v2\/pages\/650\/revisions"}],"predecessor-version":[{"id":658,"href":"https:\/\/cunadelalegion.es\/index.php?rest_route=\/wp\/v2\/pages\/650\/revisions\/658"}],"wp:attachment":[{"href":"https:\/\/cunadelalegion.es\/index.php?rest_route=%2Fwp%2Fv2%2Fmedia&parent=650"}],"curies":[{"name":"wp","href":"https:\/\/api.w.org\/{rel}","templated":true}]}}

Donación 2€ por participante.

<p>La Donación de esta IX edición es para Cáritas Castrense de Valencia, a la cual se le dona un total de 12.000€ para paliar los efectos de la DANA. </p>



<figure class="wp-block-image alignwide size-large"><img loading="lazy" decoding="async" width="1024" height="682" src="https://cunadelalegion.es/wp-content/uploads/2025/03/Imagen-de-WhatsApp-2025-03-19-a-las-09.00.37_5202d891-1024x682.jpg" alt="" class="wp-image-651" srcset="https://cunadelalegion.es/wp-content/uploads/2025/03/Imagen-de-WhatsApp-2025-03-19-a-las-09.00.37_5202d891-1024x682.jpg 1024w, https://cunadelalegion.es/wp-content/uploads/2025/03/Imagen-de-WhatsApp-2025-03-19-a-las-09.00.37_5202d891-300x200.jpg 300w, https://cunadelalegion.es/wp-content/uploads/2025/03/Imagen-de-WhatsApp-2025-03-19-a-las-09.00.37_5202d891-768x512.jpg 768w, https://cunadelalegion.es/wp-content/uploads/2025/03/Imagen-de-WhatsApp-2025-03-19-a-las-09.00.37_5202d891-1536x1023.jpg 1536w, https://cunadelalegion.es/wp-content/uploads/2025/03/Imagen-de-WhatsApp-2025-03-19-a-las-09.00.37_5202d891.jpg 1600w" sizes="auto, (max-width: 1024px) 100vw, 1024px" /></figure>



<figure class="wp-block-image alignwide size-large"><img loading="lazy" decoding="async" width="1024" height="682" src="https://cunadelalegion.es/wp-content/uploads/2025/03/Imagen-de-WhatsApp-2025-03-19-a-las-09.00.38_e4ceb960-1-1024x682.jpg" alt="" class="wp-image-653" srcset="https://cunadelalegion.es/wp-content/uploads/2025/03/Imagen-de-WhatsApp-2025-03-19-a-las-09.00.38_e4ceb960-1-1024x682.jpg 1024w, https://cunadelalegion.es/wp-content/uploads/2025/03/Imagen-de-WhatsApp-2025-03-19-a-las-09.00.38_e4ceb960-1-300x200.jpg 300w, https://cunadelalegion.es/wp-content/uploads/2025/03/Imagen-de-WhatsApp-2025-03-19-a-las-09.00.38_e4ceb960-1-768x512.jpg 768w, https://cunadelalegion.es/wp-content/uploads/2025/03/Imagen-de-WhatsApp-2025-03-19-a-las-09.00.38_e4ceb960-1-1536x1023.jpg 1536w, https://cunadelalegion.es/wp-content/uploads/2025/03/Imagen-de-WhatsApp-2025-03-19-a-las-09.00.38_e4ceb960-1.jpg 1600w" sizes="auto, (max-width: 1024px) 100vw, 1024px" /></figure>

<p>La Donación de esta IX edición es para Cáritas Castrense de Valencia, a la cual se le dona un total de 12.000€ para paliar los efectos de la DANA.</p>

<!-- This site is optimized with the Yoast SEO plugin v27.0 - https://yoast.com/product/yoast-seo-wordpress/ -->
<title>Donación 2€ por participante. - Cuna de La Legión</title>
<meta name="robots" content="index, follow, max-snippet:-1, max-image-preview:large, max-video-preview:-1" />
<link rel="canonical" href="https://cunadelalegion.es/?page_id=650" />
<meta property="og:locale" content="es_ES" />
<meta property="og:type" content="article" />
<meta property="og:title" content="Donación 2€ por participante. - Cuna de La Legión" />
<meta property="og:description" content="La Donación de esta IX edición es para Cáritas Castrense de Valencia, a la cual se le dona un total de 12.000€ para paliar los efectos de la DANA." />
<meta property="og:url" content="https://cunadelalegion.es/?page_id=650" />
<meta property="og:site_name" content="Cuna de La Legión" />
<meta property="article:publisher" content="https://www.facebook.com/profile.php?id=61567994836494" />
<meta property="article:modified_time" content="2025-03-21T04:09:12+00:00" />
<meta property="og:image" content="https://cunadelalegion.es/wp-content/uploads/2025/03/Imagen-de-WhatsApp-2025-03-19-a-las-09.00.37_5202d891.jpg" />
	<meta property="og:image:width" content="1600" />
	<meta property="og:image:height" content="1066" />
	<meta property="og:image:type" content="image/jpeg" />
<meta name="twitter:card" content="summary_large_image" />
<script type="application/ld+json" class="yoast-schema-graph">{"@context":"https://schema.org","@graph":[{"@type":"WebPage","@id":"https://cunadelalegion.es/?page_id=650","url":"https://cunadelalegion.es/?page_id=650","name":"Donación 2€ por participante. - Cuna de La Legión","isPartOf":{"@id":"https://cunadelalegion.es/#website"},"primaryImageOfPage":{"@id":"https://cunadelalegion.es/?page_id=650#primaryimage"},"image":{"@id":"https://cunadelalegion.es/?page_id=650#primaryimage"},"thumbnailUrl":"https://cunadelalegion.es/wp-content/uploads/2025/03/Imagen-de-WhatsApp-2025-03-19-a-las-09.00.37_5202d891-1024x682.jpg","datePublished":"2025-03-19T22:47:08+00:00","dateModified":"2025-03-21T04:09:12+00:00","breadcrumb":{"@id":"https://cunadelalegion.es/?page_id=650#breadcrumb"},"inLanguage":"es","potentialAction":[{"@type":"ReadAction","target":["https://cunadelalegion.es/?page_id=650"]}]},{"@type":"ImageObject","inLanguage":"es","@id":"https://cunadelalegion.es/?page_id=650#primaryimage","url":"https://cunadelalegion.es/wp-content/uploads/2025/03/Imagen-de-WhatsApp-2025-03-19-a-las-09.00.37_5202d891.jpg","contentUrl":"https://cunadelalegion.es/wp-content/uploads/2025/03/Imagen-de-WhatsApp-2025-03-19-a-las-09.00.37_5202d891.jpg","width":1600,"height":1066},{"@type":"BreadcrumbList","@id":"https://cunadelalegion.es/?page_id=650#breadcrumb","itemListElement":[{"@type":"ListItem","position":1,"name":"Home","item":"https://cunadelalegion.es/"},{"@type":"ListItem","position":2,"name":"Donación 2€ por participante."}]},{"@type":"WebSite","@id":"https://cunadelalegion.es/#website","url":"https://cunadelalegion.es/","name":"Cuna de La Legión","description":"Club Deportivo Tercio Duque de Alba","publisher":{"@id":"https://cunadelalegion.es/#organization"},"alternateName":"Carrera Cívico Militar Cuna de La Legión","potentialAction":[{"@type":"SearchAction","target":{"@type":"EntryPoint","urlTemplate":"https://cunadelalegion.es/?s={search_term_string}"},"query-input":{"@type":"PropertyValueSpecification","valueRequired":true,"valueName":"search_term_string"}}],"inLanguage":"es"},{"@type":"Organization","@id":"https://cunadelalegion.es/#organization","name":"Cuna de La Legión","alternateName":"Carrera Cívio Militar Cuna de La Legión","url":"https://cunadelalegion.es/","logo":{"@type":"ImageObject","inLanguage":"es","@id":"https://cunadelalegion.es/#/schema/logo/image/","url":"https://cunadelalegion.es/wp-content/uploads/2026/02/Logo-Cuna-2025-Para-Gorra-COLOR.gif","contentUrl":"https://cunadelalegion.es/wp-content/uploads/2026/02/Logo-Cuna-2025-Para-Gorra-COLOR.gif","width":916,"height":1220,"caption":"Cuna de La Legión"},"image":{"@id":"https://cunadelalegion.es/#/schema/logo/image/"},"sameAs":["https://www.facebook.com/profile.php?id=61567994836494","https://www.instagram.com/lacunadelalegion/?hl=es"]}]}</script>
<!-- / Yoast SEO plugin. -->

Donación 2€ por participante. - Cuna de La Legión

La Donación de esta IX edición es para Cáritas Castrense de Valencia, a la cual se le dona un total de 12.000€ para paliar los efectos de la DANA.

Cuna de La Legión

Carrera Cívico Militar Cuna de La Legión

Carrera Cívio Militar Cuna de La Legión
